{"id":2160,"date":"2026-01-16T16:25:04","date_gmt":"2026-01-16T16:25:04","guid":{"rendered":"https:\/\/wramke.pl\/?page_id=2160"},"modified":"2026-01-16T16:25:05","modified_gmt":"2026-01-16T16:25:05","slug":"polityka-prywatnosci","status":"publish","type":"page","link":"https:\/\/wramke.pl\/index.php\/polityka-prywatnosci\/","title":{"rendered":"polityka prywatno\u015bci"},"content":{"rendered":"\n<p class=\"gtfy-1\">Polityka prywatno\u015bci<br>Klaudia B\u0142aszkiewicz \/ Klaudia B\u0142aszkiewicz fotografia<br>NIP: 8222395026<br>ul. Toru\u0144ska 8, 05-300 Mi\u0144sk Mazowiecki<br>e-mail:\u00a0<\/p>\n\n\n\n<p class=\"gtfy-4\">klaudia@blaszkiewicz.it<\/p>\n\n\n\n<p class=\"gtfy-7\"><br><\/p>\n\n\n\n<h2 class=\"wp-block-heading gtfy-10\"><strong>1. Administrator danych<\/strong><\/h2>\n\n\n\n<p class=\"gtfy-13\">Administratorem Twoich danych osobowych jest Klaudia B\u0142aszkiewicz, NIP 8222395026, ul. Toru\u0144ska 8, 05-300 Mi\u0144sk Mazowiecki (dalej: \u201eAdministrator\u201d). Kontakt:&nbsp;<\/p>\n\n\n\n<p class=\"gtfy-16\">klaudia@blaszkiewicz.it<\/p>\n\n\n\n<p class=\"gtfy-19\">. Przetwarzamy dane zgodnie z RODO (Rozporz\u0105dzenie UE 2016\/679).\u200b<\/p>\n\n\n\n<h2 class=\"wp-block-heading gtfy-22\"><strong>2. Cele i podstawa przetwarzania<\/strong><\/h2>\n\n\n\n<p class=\"gtfy-25\">Dane (imi\u0119, e-mail) zbieramy wy\u0142\u0105cznie w celu wysy\u0142ki newslettera z informacjami o sesjach fotograficznych, ofertach i nowo\u015bciach. Podstawa prawna: zgoda (art. 6 ust. 1 lit. a RODO). Dane nie s\u0105 u\u017cywane do innych cel\u00f3w (brak profilowania, remarketingu).\u200b<\/p>\n\n\n\n<h2 class=\"wp-block-heading gtfy-28\"><strong>3. Okres przechowywania<\/strong><\/h2>\n\n\n\n<p class=\"gtfy-31\">Dane przechowujemy do czasu wypisania si\u0119 z newslettera (link w ka\u017cdym e-mailu) + 6 miesi\u0119cy na potrzeby obrony roszcze\u0144. Po tym okresie dane usuwamy.\u200b<\/p>\n\n\n\n<h2 class=\"wp-block-heading gtfy-34\"><strong>4. Odbiorcy danych<\/strong><\/h2>\n\n\n\n<p class=\"gtfy-37\">Dane udost\u0119pniamy tylko MailerLite (podprocesor, umowa powierzenia \u2013 szczeg\u00f3\u0142y na&nbsp;<\/p>\n\n\n\n<p class=\"gtfy-40\"><a href=\"https:\/\/www.mailerlite.com\/legal\/privacy-policy\">https:\/\/www.mailerlite.com\/legal\/privacy-policy<\/a><\/p>\n\n\n\n<p class=\"gtfy-43\">). Brak innych odbiorc\u00f3w.\u200b<\/p>\n\n\n\n<h2 class=\"wp-block-heading gtfy-46\"><strong>5. Prawa os\u00f3b, kt\u00f3rych dane dotycz\u0105<\/strong><\/h2>\n\n\n\n<p class=\"gtfy-49\">Masz prawo:<\/p>\n\n\n\n<ul class=\"wp-block-list gtfy-56\">\n<li class=\"gtfy-52 gutenify-list-item\">wycofa\u0107 zgod\u0119 (bez wp\u0142ywu na zgodno\u015b\u0107 z prawem przed wycofaniem)<\/li>\n\n\n\n<li class=\"gtfy-53 gutenify-list-item\">\u017c\u0105da\u0107 dost\u0119pu, sprostowania, usuni\u0119cia, ograniczenia przetwarzania<\/li>\n\n\n\n<li class=\"gtfy-54 gutenify-list-item\">przenoszenia danych<\/li>\n\n\n\n<li class=\"gtfy-55 gutenify-list-item\">wnie\u015b\u0107 skarg\u0119 do Prezesa UODO (uodo.gov.pl)\u200b<\/li>\n<\/ul>\n","protected":false},"excerpt":{"rendered":"<p>Polityka prywatno\u015bciKlaudia B\u0142aszkiewicz \/ Klaudia B\u0142aszkiewicz fotografiaNIP: 8222395026ul. Toru\u0144ska 8, 05-300 Mi\u0144sk Mazowieckie-mail:\u00a0 klaudia@blaszkiewicz.it 1. [&hellip;]<\/p>\n","protected":false},"author":2,"featured_media":0,"parent":0,"menu_order":0,"comment_status":"closed","ping_status":"closed","template":"","meta":{"_monsterinsights_skip_tracking":false,"_monsterinsights_sitenote_active":false,"_monsterinsights_sitenote_note":"","_monsterinsights_sitenote_category":0,"ngg_post_thumbnail":0,"footnotes":""},"class_list":["post-2160","page","type-page","status-publish","hentry"],"aioseo_notices":[],"_links":{"self":[{"href":"https:\/\/wramke.pl\/index.php\/wp-json\/wp\/v2\/pages\/2160","targetHints":{"allow":["GET"]}}],"collection":[{"href":"https:\/\/wramke.pl\/index.php\/wp-json\/wp\/v2\/pages"}],"about":[{"href":"https:\/\/wramke.pl\/index.php\/wp-json\/wp\/v2\/types\/page"}],"author":[{"embeddable":true,"href":"https:\/\/wramke.pl\/index.php\/wp-json\/wp\/v2\/users\/2"}],"replies":[{"embeddable":true,"href":"https:\/\/wramke.pl\/index.php\/wp-json\/wp\/v2\/comments?post=2160"}],"version-history":[{"count":1,"href":"https:\/\/wramke.pl\/index.php\/wp-json\/wp\/v2\/pages\/2160\/revisions"}],"predecessor-version":[{"id":2161,"href":"https:\/\/wramke.pl\/index.php\/wp-json\/wp\/v2\/pages\/2160\/revisions\/2161"}],"wp:attachment":[{"href":"https:\/\/wramke.pl\/index.php\/wp-json\/wp\/v2\/media?parent=2160"}],"curies":[{"name":"wp","href":"https:\/\/api.w.org\/{rel}","templated":true}]}}

polityka prywatności

<p class="gtfy-1">Polityka prywatności<br>Klaudia Błaszkiewicz / Klaudia Błaszkiewicz fotografia<br>NIP: 8222395026<br>ul. Toruńska 8, 05-300 Mińsk Mazowiecki<br>e-mail: </p>



<p class="gtfy-4">klaudia@blaszkiewicz.it</p>



<p class="gtfy-7"><br></p>



<h2 class="wp-block-heading gtfy-10"><strong>1. Administrator danych</strong></h2>



<p class="gtfy-13">Administratorem Twoich danych osobowych jest Klaudia Błaszkiewicz, NIP 8222395026, ul. Toruńska 8, 05-300 Mińsk Mazowiecki (dalej: „Administrator”). Kontakt:&nbsp;</p>



<p class="gtfy-16">klaudia@blaszkiewicz.it</p>



<p class="gtfy-19">. Przetwarzamy dane zgodnie z RODO (Rozporządzenie UE 2016/679).​</p>



<h2 class="wp-block-heading gtfy-22"><strong>2. Cele i podstawa przetwarzania</strong></h2>



<p class="gtfy-25">Dane (imię, e-mail) zbieramy wyłącznie w celu wysyłki newslettera z informacjami o sesjach fotograficznych, ofertach i nowościach. Podstawa prawna: zgoda (art. 6 ust. 1 lit. a RODO). Dane nie są używane do innych celów (brak profilowania, remarketingu).​</p>



<h2 class="wp-block-heading gtfy-28"><strong>3. Okres przechowywania</strong></h2>



<p class="gtfy-31">Dane przechowujemy do czasu wypisania się z newslettera (link w każdym e-mailu) + 6 miesięcy na potrzeby obrony roszczeń. Po tym okresie dane usuwamy.​</p>



<h2 class="wp-block-heading gtfy-34"><strong>4. Odbiorcy danych</strong></h2>



<p class="gtfy-37">Dane udostępniamy tylko MailerLite (podprocesor, umowa powierzenia – szczegóły na&nbsp;</p>



<p class="gtfy-40"><a href="https://www.mailerlite.com/legal/privacy-policy">https://www.mailerlite.com/legal/privacy-policy</a></p>



<p class="gtfy-43">). Brak innych odbiorców.​</p>



<h2 class="wp-block-heading gtfy-46"><strong>5. Prawa osób, których dane dotyczą</strong></h2>



<p class="gtfy-49">Masz prawo:</p>



<ul class="wp-block-list gtfy-56">
<li class="gtfy-52 gutenify-list-item">wycofać zgodę (bez wpływu na zgodność z prawem przed wycofaniem)</li>



<li class="gtfy-53 gutenify-list-item">żądać dostępu, sprostowania, usunięcia, ograniczenia przetwarzania</li>



<li class="gtfy-54 gutenify-list-item">przenoszenia danych</li>



<li class="gtfy-55 gutenify-list-item">wnieść skargę do Prezesa UODO (uodo.gov.pl)​</li>
</ul>

<p>Polityka prywatnościKlaudia Błaszkiewicz / Klaudia Błaszkiewicz fotografiaNIP: 8222395026ul. Toruńska 8, 05-300 Mińsk Mazowieckie-mail:  klaudia@blaszkiewicz.it 1. [&hellip;]</p>
