{"id":822,"date":"2023-04-15T19:33:38","date_gmt":"2023-04-15T19:33:38","guid":{"rendered":"https:\/\/wramke.pl\/?page_id=822"},"modified":"2026-03-26T11:43:51","modified_gmt":"2026-03-26T11:43:51","slug":"822-2","status":"publish","type":"page","link":"https:\/\/wramke.pl\/index.php\/822-2\/","title":{"rendered":"chrzest komunia \u015blub Mi\u0144sk"},"content":{"rendered":"\n<div class=\"wp-block-columns gutenify-section-27e2e200-404b-11ef-b5d0-49b01a5a4066 is-layout-flex wp-container-core-columns-is-layout-28f84493 wp-block-columns-is-layout-flex gtfy-16\">\n<div class=\"wp-block-column gutenify-section-27e13450-404b-11ef-b5d0-49b01a5a4066 is-layout-flow wp-block-column-is-layout-flow gtfy-7\"><div class=\"inner-container gtfy-3\"><div class=\"image-box-header\"><a class=\"\" href=\"https:\/\/wramke.pl\/index.php\/reportaze-z-uroczystosci\/\" target=\"\" rel=\"\"><img decoding=\"async\" class=\"gutenverse-image-box-filled\" src=\"https:\/\/wramke.pl\/wp-content\/uploads\/2024\/06\/371A7845.jpg\" height=\"1365\" width=\"2048\" alt=\"\" \/><\/a><\/div><div class=\"image-box-body\"><div class=\"body-inner\"><a class=\"\" href=\"https:\/\/wramke.pl\/index.php\/reportaze-z-uroczystosci\/\" target=\"\" rel=\"\"><h3 class=\"body-title icon-position-before\"><span>Chrzest \u015awi\u0119ty<\/span><\/h3><\/a><a class=\"\" href=\"https:\/\/wramke.pl\/index.php\/reportaze-z-uroczystosci\/\" target=\"\" rel=\"\"><p class=\"body-description\">fotograf chrzest \u015bwi\u0119ty Mi\u0144sk Mazowiecki Warszawa <\/p><\/a><a class=\"guten-button guten-button-sm gtfy-2\" href=\"https:\/\/wramke.pl\/index.php\/reportaze-z-uroczystosci\/\"><span><\/span><\/a><\/div><\/div><\/div>\n\n<div class=\"inner-container gtfy-6\"><div class=\"image-box-header\"><a class=\"\" href=\"https:\/\/wramke.pl\/index.php\/2221-2\/\" target=\"\" rel=\"\"><img decoding=\"async\" class=\"gutenverse-image-box-filled\" src=\"https:\/\/wramke.pl\/wp-content\/uploads\/2026\/02\/371A9342-scaled.jpg\" height=\"1707\" width=\"2560\" alt=\"\" \/><\/a><\/div><div class=\"image-box-body\"><div class=\"body-inner\"><a class=\"\" href=\"https:\/\/wramke.pl\/index.php\/2221-2\/\" target=\"\" rel=\"\"><h3 class=\"body-title icon-position-before\"><span>urodziny<\/span><\/h3><\/a><a class=\"\" href=\"https:\/\/wramke.pl\/index.php\/2221-2\/\" target=\"\" rel=\"\"><p class=\"body-description\">Fotograf urodziny reporta\u017c<br>Mi\u0144sk Mazowiecki<br>Warszawa<br>ca\u0142a Polska<\/p><\/a><a class=\"guten-button guten-button-sm gtfy-5\" href=\"http:\/\/fotografia-slubna-i-wesela\"><span><\/span><\/a><\/div><\/div><\/div><\/div>\n\n\n\n<div class=\"wp-block-column gutenify-section-27e21eb0-404b-11ef-b5d0-49b01a5a4066 is-layout-flow wp-block-column-is-layout-flow gtfy-11\"><div class=\"inner-container gtfy-10\"><div class=\"image-box-header\"><a class=\"\" href=\"https:\/\/wramke.pl\/index.php\/i-komunia-swieta\/\" target=\"\" rel=\"\"><img decoding=\"async\" class=\"gutenverse-image-box-filled\" src=\"https:\/\/wramke.pl\/wp-content\/uploads\/2023\/04\/klaudia-blaszkiewicz-fotograf-minsk-mazowiecki-komunia.jpg\" height=\"1365\" width=\"2048\" alt=\"\" \/><\/a><\/div><div class=\"image-box-body\"><div class=\"body-inner\"><a class=\"\" href=\"https:\/\/wramke.pl\/index.php\/i-komunia-swieta\/\" target=\"\" rel=\"\"><h3 class=\"body-title icon-position-before\"><span>I Komunia \u015awi\u0119ta<\/span><\/h3><\/a><a class=\"\" href=\"https:\/\/wramke.pl\/index.php\/i-komunia-swieta\/\" target=\"\" rel=\"\"><p class=\"body-description\">fotograf I Komunia  \u015awi\u0119ta Mi\u0144sk Mazowiecki <br>Warszawa<\/p><\/a><a class=\"guten-button guten-button-sm gtfy-9\" href=\"https:\/\/wramke.pl\/index.php\/i-komunia-swieta\/\"><span><\/span><\/a><\/div><\/div><\/div><\/div>\n\n\n\n<div class=\"wp-block-column gutenify-section-27e2baf0-404b-11ef-b5d0-49b01a5a4066 is-layout-flow wp-block-column-is-layout-flow gtfy-15\"><div class=\"inner-container gtfy-14\"><div class=\"image-box-header\"><img decoding=\"async\" class=\"gutenverse-image-box-filled\" src=\"https:\/\/wramke.pl\/wp-content\/uploads\/2025\/12\/371A0183-scaled.jpg\" height=\"1707\" width=\"2560\" alt=\"\" \/><\/div><div class=\"image-box-body\"><div class=\"body-inner\"><h3 class=\"body-title icon-position-before\"><span>\u015alub<\/span><\/h3><p class=\"body-description\">Fotograf \u015alub<br>Mi\u0144sk Mazowiecki<br>Warszawa<br>ca\u0142a Polska<\/p><a class=\"guten-button guten-button-sm gtfy-13\" href=\"http:\/\/fotografia-slubna-i-wesela\"><span><\/span><\/a><\/div><\/div><\/div><\/div>\n<\/div>\n\n\n\n<div class=\"wp-block-columns is-layout-flex wp-container-core-columns-is-layout-28f84493 wp-block-columns-is-layout-flex gtfy-21\">\n<div class=\"wp-block-column is-layout-flow wp-block-column-is-layout-flow gtfy-20\">\n<div class=\"wp-block-columns is-layout-flex wp-container-core-columns-is-layout-28f84493 wp-block-columns-is-layout-flex gtfy-19\"><\/div>\n<\/div>\n<\/div>\n\n\n\n<p class=\"gtfy-24\"><\/p>\n","protected":false},"excerpt":{"rendered":"","protected":false},"author":2,"featured_media":0,"parent":0,"menu_order":0,"comment_status":"closed","ping_status":"closed","template":"","meta":{"_monsterinsights_skip_tracking":false,"_monsterinsights_sitenote_active":false,"_monsterinsights_sitenote_note":"","_monsterinsights_sitenote_category":0,"ngg_post_thumbnail":0,"footnotes":""},"class_list":["post-822","page","type-page","status-publish","hentry"],"aioseo_notices":[],"_links":{"self":[{"href":"https:\/\/wramke.pl\/index.php\/wp-json\/wp\/v2\/pages\/822","targetHints":{"allow":["GET"]}}],"collection":[{"href":"https:\/\/wramke.pl\/index.php\/wp-json\/wp\/v2\/pages"}],"about":[{"href":"https:\/\/wramke.pl\/index.php\/wp-json\/wp\/v2\/types\/page"}],"author":[{"embeddable":true,"href":"https:\/\/wramke.pl\/index.php\/wp-json\/wp\/v2\/users\/2"}],"replies":[{"embeddable":true,"href":"https:\/\/wramke.pl\/index.php\/wp-json\/wp\/v2\/comments?post=822"}],"version-history":[{"count":12,"href":"https:\/\/wramke.pl\/index.php\/wp-json\/wp\/v2\/pages\/822\/revisions"}],"predecessor-version":[{"id":2253,"href":"https:\/\/wramke.pl\/index.php\/wp-json\/wp\/v2\/pages\/822\/revisions\/2253"}],"wp:attachment":[{"href":"https:\/\/wramke.pl\/index.php\/wp-json\/wp\/v2\/media?parent=822"}],"curies":[{"name":"wp","href":"https:\/\/api.w.org\/{rel}","templated":true}]}}

chrzest komunia ślub Mińsk

<div class="wp-block-columns gutenify-section-27e2e200-404b-11ef-b5d0-49b01a5a4066 is-layout-flex wp-container-core-columns-is-layout-28f84493 wp-block-columns-is-layout-flex gtfy-16">
<div class="wp-block-column gutenify-section-27e13450-404b-11ef-b5d0-49b01a5a4066 is-layout-flow wp-block-column-is-layout-flow gtfy-7"><div class="inner-container gtfy-3"><div class="image-box-header"><a class="" href="https://wramke.pl/index.php/reportaze-z-uroczystosci/" target="" rel=""><img decoding="async" class="gutenverse-image-box-filled" src="https://wramke.pl/wp-content/uploads/2024/06/371A7845.jpg" height="1365" width="2048" alt="" /></a></div><div class="image-box-body"><div class="body-inner"><a class="" href="https://wramke.pl/index.php/reportaze-z-uroczystosci/" target="" rel=""><h3 class="body-title icon-position-before"><span>Chrzest Święty</span></h3></a><a class="" href="https://wramke.pl/index.php/reportaze-z-uroczystosci/" target="" rel=""><p class="body-description">fotograf chrzest święty Mińsk Mazowiecki Warszawa </p></a><a class="guten-button guten-button-sm gtfy-2" href="https://wramke.pl/index.php/reportaze-z-uroczystosci/"><span></span></a></div></div></div>

<div class="inner-container gtfy-6"><div class="image-box-header"><a class="" href="https://wramke.pl/index.php/2221-2/" target="" rel=""><img decoding="async" class="gutenverse-image-box-filled" src="https://wramke.pl/wp-content/uploads/2026/02/371A9342-scaled.jpg" height="1707" width="2560" alt="" /></a></div><div class="image-box-body"><div class="body-inner"><a class="" href="https://wramke.pl/index.php/2221-2/" target="" rel=""><h3 class="body-title icon-position-before"><span>urodziny</span></h3></a><a class="" href="https://wramke.pl/index.php/2221-2/" target="" rel=""><p class="body-description">Fotograf urodziny reportaż<br>Mińsk Mazowiecki<br>Warszawa<br>cała Polska</p></a><a class="guten-button guten-button-sm gtfy-5" href="http://fotografia-slubna-i-wesela"><span></span></a></div></div></div></div>



<div class="wp-block-column gutenify-section-27e21eb0-404b-11ef-b5d0-49b01a5a4066 is-layout-flow wp-block-column-is-layout-flow gtfy-11"><div class="inner-container gtfy-10"><div class="image-box-header"><a class="" href="https://wramke.pl/index.php/i-komunia-swieta/" target="" rel=""><img decoding="async" class="gutenverse-image-box-filled" src="https://wramke.pl/wp-content/uploads/2023/04/klaudia-blaszkiewicz-fotograf-minsk-mazowiecki-komunia.jpg" height="1365" width="2048" alt="" /></a></div><div class="image-box-body"><div class="body-inner"><a class="" href="https://wramke.pl/index.php/i-komunia-swieta/" target="" rel=""><h3 class="body-title icon-position-before"><span>I Komunia Święta</span></h3></a><a class="" href="https://wramke.pl/index.php/i-komunia-swieta/" target="" rel=""><p class="body-description">fotograf I Komunia  Święta Mińsk Mazowiecki <br>Warszawa</p></a><a class="guten-button guten-button-sm gtfy-9" href="https://wramke.pl/index.php/i-komunia-swieta/"><span></span></a></div></div></div></div>



<div class="wp-block-column gutenify-section-27e2baf0-404b-11ef-b5d0-49b01a5a4066 is-layout-flow wp-block-column-is-layout-flow gtfy-15"><div class="inner-container gtfy-14"><div class="image-box-header"><img decoding="async" class="gutenverse-image-box-filled" src="https://wramke.pl/wp-content/uploads/2025/12/371A0183-scaled.jpg" height="1707" width="2560" alt="" /></div><div class="image-box-body"><div class="body-inner"><h3 class="body-title icon-position-before"><span>Ślub</span></h3><p class="body-description">Fotograf Ślub<br>Mińsk Mazowiecki<br>Warszawa<br>cała Polska</p><a class="guten-button guten-button-sm gtfy-13" href="http://fotografia-slubna-i-wesela"><span></span></a></div></div></div></div>
</div>



<div class="wp-block-columns is-layout-flex wp-container-core-columns-is-layout-28f84493 wp-block-columns-is-layout-flex gtfy-21">
<div class="wp-block-column is-layout-flow wp-block-column-is-layout-flow gtfy-20">
<div class="wp-block-columns is-layout-flex wp-container-core-columns-is-layout-28f84493 wp-block-columns-is-layout-flex gtfy-19"></div>
</div>
</div>



<p class="gtfy-24"></p>
